{"id":1607,"date":"2017-01-10T00:00:00","date_gmt":"2017-01-09T23:00:00","guid":{"rendered":"https:\/\/boasblogs.org\/kulturrelativismus\/antwort-auf-den-offenen-brief-der-deutschen-gesellschaft-fuer-voelkerkunde-an-die-sueddeutsche-zeitung\/"},"modified":"2020-02-21T17:19:01","modified_gmt":"2020-02-21T16:19:01","slug":"antwort-auf-den-offenen-brief-der-deutschen-gesellschaft-fuer-voelkerkunde-an-die-sueddeutsche-zeitung","status":"publish","type":"kulturrelativismus","link":"https:\/\/boasblogs.org\/de\/kulturrelativismus\/antwort-auf-den-offenen-brief-der-deutschen-gesellschaft-fuer-voelkerkunde-an-die-sueddeutsche-zeitung\/","title":{"rendered":"ANTWORT AUF DEN OFFENEN BRIEF DER DEUTSCHEN GESELLSCHAFT F\u00dcR V\u00d6LKERKUNDE AN DIE S\u00dcDDEUTSCHE ZEITUNG"},"content":{"rendered":"\n<style>\n\t.dkpdf-download-icon { height: 1.5rem; }\n<\/style>\n\n\n\n\t<div class=\"dkpdf-button-container\" style=\" text-align:right \">\n\n\t\t<a class=\"dkpdf-button\" href=\"\/de\/wp-json\/wp\/v2\/kulturrelativismus\/1607?pdf=1607\" target=\"_blank\">\n\t\t\t<img src='\/wp-content\/themes\/boasblogs\/dkpdf\/download_red.svg' class=dkpdf-download-icon'\/>\n\t\t<\/a>\n\t\n\t\t<!-- <a class=\"dkpdf-button\" href=\"\/de\/wp-json\/wp\/v2\/kulturrelativismus\/1607?pdf=1607\" target=\"_blank\"><span class=\"dkpdf-button-icon\"><i class=\"fa fa-file-pdf-o\"><\/i><\/span> Download PDF<\/a> &rarr; -->\n\n\t<\/div>\n\n<div align=\"justify\">\n<p><em>Anmerkung der Redaktion: Die Stellungnahme von Christian Weber findet sich auf der Homepage der DGSKA (ehem. DGV)<\/em><\/p>\n<div align=\"justify\">\n<p><em>DGV:\u00a0 <a href=\"https:\/\/www.dgska.de\/offener-brief-an-die-sueddeutsche-zeitung\/\">https:\/\/www.dgska.de\/offener-brief-an-die-sueddeutsche-zeitung\/<\/a><\/em><\/p>\n<div align=\"justify\">\n<p>Erstaunt habe ich die Stellungnahme zu meinem Artikel &#8218;Dschungelm\u00e4rchen&#8216; in der S\u00fcddeutschen Zeitung vom 15. Oktober 2016 gelesen. Ihr zugrunde liegt ein Missverst\u00e4ndnis. In dem kritisierten Beitrag geht es gar nicht um die Ethnologie als Wissenschaft, deren Theoriegeschichte oder den derzeitigen Stand Ihrer Disziplin. Sondern ich kritisiere anl\u00e4sslich einer Fotoausstellung in Berlin eine in der \u00d6ffentlichkeit &#8211; nicht in der Ethnologie &#8211; verbreitete Idealisierung indigener V\u00f6lker. Ich verweise vor allem auf einige dunkle Seiten, insbesondere eine \u2013 im Durchschnitt! \u2013 h\u00f6here Gewaltt\u00e4tigkeit, die mich zweifeln l\u00e4sst, dass wir uns diese Gesellschaften als Vorbild nehmen sollten. Wie in journalistischen Texten \u00fcblich, nenne ich einige typische Beispiele, die ich aus eigenem Erleben kenne. Ich war selbst vor einigen Jahren in Begleitung deutscher Ethnologen im Omo-Tal bei den erw\u00e4hnten V\u00f6lkern. Aber nat\u00fcrlich h\u00e4tte ich auch noch die Literatur zum Thema tribaler Gewalt zitieren k\u00f6nnen, etwa die Studien von Jared Diamond, Steven Pinker oder Ihres Fachkollegen J\u00fcrg Helbling von der Universit\u00e4t Luzern. Allerdings ist der Platz auf einer Zeitungsseite begrenzt.<\/p>\n<div align=\"justify\">\n<p>Schwer ertr\u00e4glich ist, wie ich in der Stellungnahme schlichtweg falsch zitiert wird. Mit keinem Wort steht in meinem Zeitungsbeitrag, was Sie im dritten Absatz behaupten: Ethnologen w\u00fcrden indigene V\u00f6lker als starke und harmonische Gemeinschaft stolzer Menschen darstellen. Ich schreibe vielmehr, dass die Bilder Jimmy Nelsons diesen Eindruck erwecken \u2013 was schwer zu bestreiten ist, wenn man sich diese ansieht.<\/p>\n<div align=\"justify\">\n<p>Wie die Verfasser auf die Idee kommen, ich w\u00fcrde zu einer &#8218;umfassenden Negativkritik der Disziplin&#8216; ansetzen ist mir v\u00f6llig unerkl\u00e4rlich. Ich kritisiere lediglich eine kulturrelativistische Haltung, die gar nicht so selten sei in der \u00d6ffentlichkeit und nenne in dem Zusammenhang auch die Publikation einer Ethnologin. Der einzige Satz in meinem Text, wo Ihre Kritik vielleicht trifft, findet sich im drittletzten Absatz, in dem ich schreibe, dass es unter Ethnologen immer noch eine &#8218;verbreitete Haltung&#8216; sei, jede menschliche Gesellschaftsform f\u00fcr bewahrenswert zu halten. Aber ist dieser Satz wirklich falsch?<\/p>\n<div align=\"justify\">\n<p>Gerade habe ich eine ebenfalls erboste Stellungnahme des Fachbereichs Ethnologie der Universit\u00e4t M\u00fcnchen erhalten, der sogar ausdr\u00fccklich den klassischen Kulturrelativismus rechtfertigt \u2013 \u00dcberschrift: &#8218;Und Franz Boas hat doch recht&#8216;. Eine seltene Ausnahme?<\/p>\n<div align=\"justify\"><\/div>\n<\/div>\n<\/div>\n<\/div>\n<\/div>\n<\/div>\n<\/div>\n<\/div>\n","protected":false},"excerpt":{"rendered":"","protected":false},"author":1,"featured_media":0,"template":"","meta":{"_acf_changed":false,"inline_featured_image":false,"footnotes":""},"autor":[158],"kulturrelativismus_category":[],"class_list":["post-1607","kulturrelativismus","type-kulturrelativismus","status-publish","hentry","autor-christian-weber"],"acf":[],"_links":{"self":[{"href":"https:\/\/boasblogs.org\/de\/wp-json\/wp\/v2\/kulturrelativismus\/1607","targetHints":{"allow":["GET"]}}],"collection":[{"href":"https:\/\/boasblogs.org\/de\/wp-json\/wp\/v2\/kulturrelativismus"}],"about":[{"href":"https:\/\/boasblogs.org\/de\/wp-json\/wp\/v2\/types\/kulturrelativismus"}],"author":[{"embeddable":true,"href":"https:\/\/boasblogs.org\/de\/wp-json\/wp\/v2\/users\/1"}],"version-history":[{"count":3,"href":"https:\/\/boasblogs.org\/de\/wp-json\/wp\/v2\/kulturrelativismus\/1607\/revisions"}],"predecessor-version":[{"id":3164,"href":"https:\/\/boasblogs.org\/de\/wp-json\/wp\/v2\/kulturrelativismus\/1607\/revisions\/3164"}],"wp:attachment":[{"href":"https:\/\/boasblogs.org\/de\/wp-json\/wp\/v2\/media?parent=1607"}],"wp:term":[{"taxonomy":"autor","embeddable":true,"href":"https:\/\/boasblogs.org\/de\/wp-json\/wp\/v2\/autor?post=1607"},{"taxonomy":"kulturrelativismus_category","embeddable":true,"href":"https:\/\/boasblogs.org\/de\/wp-json\/wp\/v2\/kulturrelativismus_category?post=1607"}],"curies":[{"name":"wp","href":"https:\/\/api.w.org\/{rel}","templated":true}]}}

ANTWORT AUF DEN OFFENEN BRIEF DER DEUTSCHEN GESELLSCHAFT FÜR VÖLKERKUNDE AN DIE SÜDDEUTSCHE ZEITUNG

<style>
	.dkpdf-download-icon { height: 1.5rem; }
</style>



	<div class="dkpdf-button-container" style=" text-align:right ">

		<a class="dkpdf-button" href="/de/wp-json/wp/v2/kulturrelativismus/1607?pdf=1607" target="_blank">
			<img src='/wp-content/themes/boasblogs/dkpdf/download_red.svg' class=dkpdf-download-icon'/>
		</a>
	
		<!-- <a class="dkpdf-button" href="/de/wp-json/wp/v2/kulturrelativismus/1607?pdf=1607" target="_blank"><span class="dkpdf-button-icon"><i class="fa fa-file-pdf-o"></i></span> Download PDF</a> &rarr; -->

	</div>

<div align="justify">
<p><em>Anmerkung der Redaktion: Die Stellungnahme von Christian Weber findet sich auf der Homepage der DGSKA (ehem. DGV)</em></p>
<div align="justify">
<p><em>DGV:  <a href="https://www.dgska.de/offener-brief-an-die-sueddeutsche-zeitung/">https://www.dgska.de/offener-brief-an-die-sueddeutsche-zeitung/</a></em></p>
<div align="justify">
<p>Erstaunt habe ich die Stellungnahme zu meinem Artikel &#8218;Dschungelmärchen&#8216; in der Süddeutschen Zeitung vom 15. Oktober 2016 gelesen. Ihr zugrunde liegt ein Missverständnis. In dem kritisierten Beitrag geht es gar nicht um die Ethnologie als Wissenschaft, deren Theoriegeschichte oder den derzeitigen Stand Ihrer Disziplin. Sondern ich kritisiere anlässlich einer Fotoausstellung in Berlin eine in der Öffentlichkeit &#8211; nicht in der Ethnologie &#8211; verbreitete Idealisierung indigener Völker. Ich verweise vor allem auf einige dunkle Seiten, insbesondere eine – im Durchschnitt! – höhere Gewalttätigkeit, die mich zweifeln lässt, dass wir uns diese Gesellschaften als Vorbild nehmen sollten. Wie in journalistischen Texten üblich, nenne ich einige typische Beispiele, die ich aus eigenem Erleben kenne. Ich war selbst vor einigen Jahren in Begleitung deutscher Ethnologen im Omo-Tal bei den erwähnten Völkern. Aber natürlich hätte ich auch noch die Literatur zum Thema tribaler Gewalt zitieren können, etwa die Studien von Jared Diamond, Steven Pinker oder Ihres Fachkollegen Jürg Helbling von der Universität Luzern. Allerdings ist der Platz auf einer Zeitungsseite begrenzt.</p>
<div align="justify">
<p>Schwer erträglich ist, wie ich in der Stellungnahme schlichtweg falsch zitiert wird. Mit keinem Wort steht in meinem Zeitungsbeitrag, was Sie im dritten Absatz behaupten: Ethnologen würden indigene Völker als starke und harmonische Gemeinschaft stolzer Menschen darstellen. Ich schreibe vielmehr, dass die Bilder Jimmy Nelsons diesen Eindruck erwecken – was schwer zu bestreiten ist, wenn man sich diese ansieht.</p>
<div align="justify">
<p>Wie die Verfasser auf die Idee kommen, ich würde zu einer &#8218;umfassenden Negativkritik der Disziplin&#8216; ansetzen ist mir völlig unerklärlich. Ich kritisiere lediglich eine kulturrelativistische Haltung, die gar nicht so selten sei in der Öffentlichkeit und nenne in dem Zusammenhang auch die Publikation einer Ethnologin. Der einzige Satz in meinem Text, wo Ihre Kritik vielleicht trifft, findet sich im drittletzten Absatz, in dem ich schreibe, dass es unter Ethnologen immer noch eine &#8218;verbreitete Haltung&#8216; sei, jede menschliche Gesellschaftsform für bewahrenswert zu halten. Aber ist dieser Satz wirklich falsch?</p>
<div align="justify">
<p>Gerade habe ich eine ebenfalls erboste Stellungnahme des Fachbereichs Ethnologie der Universität München erhalten, der sogar ausdrücklich den klassischen Kulturrelativismus rechtfertigt – Überschrift: &#8218;Und Franz Boas hat doch recht&#8216;. Eine seltene Ausnahme?</p>
<div align="justify"></div>
</div>
</div>
</div>
</div>
</div>
</div>
</div>
