{"id":5873,"date":"2020-10-14T18:50:08","date_gmt":"2020-10-14T16:50:08","guid":{"rendered":"https:\/\/boasblogs.org\/?post_type=fieldworkmeetscrisis&#038;p=5873"},"modified":"2020-10-21T11:35:31","modified_gmt":"2020-10-21T09:35:31","slug":"another-crisis-so-what","status":"publish","type":"fieldworkmeetscrisis","link":"https:\/\/boasblogs.org\/de\/fieldworkmeetscrisis\/another-crisis-so-what\/","title":{"rendered":"Another crisis, so what?"},"content":{"rendered":"\n<style>\n\t.dkpdf-download-icon { height: 1.5rem; }\n<\/style>\n\n\n\n\t<div class=\"dkpdf-button-container\" style=\" text-align:right \">\n\n\t\t<a class=\"dkpdf-button\" href=\"\/de\/wp-json\/wp\/v2\/fieldworkmeetscrisis\/5873?pdf=5873\" target=\"_blank\">\n\t\t\t<img src='\/wp-content\/themes\/boasblogs\/dkpdf\/download_red.svg' class=dkpdf-download-icon'\/>\n\t\t<\/a>\n\t\n\t\t<!-- <a class=\"dkpdf-button\" href=\"\/de\/wp-json\/wp\/v2\/fieldworkmeetscrisis\/5873?pdf=5873\" target=\"_blank\"><span class=\"dkpdf-button-icon\"><i class=\"fa fa-file-pdf-o\"><\/i><\/span> Download PDF<\/a> &rarr; -->\n\n\t<\/div>\n\n<p><strong>Trapped between multiple crises<\/strong><\/p>\n<p style=\"text-align: right;\">\u201cThe logic of \u2018like it used to be\u2019 and \u2018already normal again\u2019 indeed reveals<br \/>\nhow the post-disaster everyday is at once normal and never the same.\u201d<br \/>\n(Samuels 2019: 4)<\/p>\n<p>Initially, my intended PhD project focused exclusively on the transfer and implementation of state care in the aftermath of the so-called \u201c<a href=\"https:\/\/www.nytimes.com\/2019\/01\/25\/world\/americas\/brazil-dam-burst-brumadinho.html\">Brumadinho dam disaster<\/a>:\u201d On January 25, 2019, the tailings dam of an iron ore mine in the city of Brumadinho, located in the Brazilian State of Minas Gerais, collapsed, releasing tens of thousands of tons of toxic iron ore mud that killed 272 community members and led to an environmental, infrastructural, and humanitarian catastrophe. The collapse of the dam, which was owned by the Brazilian mining corporation Vale, came as a shock. The construction had been approved as safe by the Brazilian branch of the German company T\u00dcV S\u00fcd only months ahead of the disaster in September 2018, however, <a href=\"https:\/\/www.theguardian.com\/world\/2019\/feb\/06\/brazil-dam-collapse-workers-say-they-warned-owners\">as was later revealed<\/a>, <a href=\"https:\/\/www.reuters.com\/article\/us-vale-dam-disaster-idUSKBN20F058\">T\u00dcV S\u00fcd\u2019s engineers had deliberately ignored infrastructural instabilities<\/a>. My research project was driven initially by two interrelated questions: (1) What are the socio-political consequences of this \u2018state of exception\u2019 and (2) what were the structural principles guiding both the intervention of the various bureaucratic agencies involved and the coordination of national and international humanitarian disaster relief efforts? In fact, the international scope of the \u201cBrumadinho dam disaster\u201d is one of the most significant facets of this terrible event: Shortly after the extent of the destruction in Brumadinho had become clear, <a href=\"https:\/\/www.idf.il\/en\/minisites\/humanitarian-missions\/idf-aid-mission-to-brazil\/\">Brazilian rescue teams were assisted by specialists of the Israel Defense Forces dispatched to Brazil<\/a>. In addition, the event was not only covered by international media but has also directly influenced political and economic decision-making right on my doorstep in Germany: <a href=\"https:\/\/www.zeit.de\/wirtschaft\/2019-01\/brasilien-dammbruch-mitarbeiter-tuev-sued-festnahme\">Two employees of the T\u00dcV S\u00fcd in Munich, for instance, were arrested on charges of corruption<\/a> regarding the deficient safety check of the collapsed dam in September 2018. Apart from this, the \u201cBrumadinho dam disaster\u201d functions as one of the prime political catalysts for the German \u201c<a href=\"https:\/\/lieferkettengesetz.de\/\">Initiative Lieferkettengesetz<\/a>\u201d arguing in favor of legislative change to ensure that German companies operating on inter- and multinational levels comply with international human rights standards throughout all phases of their supply chains.<\/p>\n<figure><img loading=\"lazy\" decoding=\"async\" class=\"alignnone size-medium wp-image-5503\" src=\"https:\/\/boasblogs.org\/wp-content\/uploads\/2020\/10\/Picture-1_Theresa-Mentrup-TEASER-920x614.png\" alt=\"\" width=\"920\" height=\"614\" srcset=\"https:\/\/boasblogs.org\/wp-content\/uploads\/2020\/10\/Picture-1_Theresa-Mentrup-TEASER-920x614.png 920w, https:\/\/boasblogs.org\/wp-content\/uploads\/2020\/10\/Picture-1_Theresa-Mentrup-TEASER.png 1024w\" sizes=\"auto, (max-width: 920px) 100vw, 920px\" \/><figcaption>\n<p style=\"font-size: 80%; line-height: 125%;\"><em>&#8222;Brumadinho, Minas Gerais\u201d \u00a9 Ibamagov \/ Creative Commons \u2013 license: CC BY-NC-SA 2.0.<\/em><\/p>\n<\/figcaption><\/figure>\n<p>As I was confronted with the severity of the SARS-CoV-2 outbreak in Brazil, however, I came to realize that my initial research project would be unfeasible: When would I be able to travel to Brumadinho? And what would be the ethical implications of conducting research about a disaster that had occurred right before another devastating incident, the coronavirus pandemic, hit society?<\/p>\n<p>&nbsp;<\/p>\n<p><a href=\"https:\/\/www.thelancet.com\/journals\/lancet\/article\/PIIS0140-6736(20)31095-3\/fulltext\"><strong>Another crisis, so what?<\/strong><\/a><\/p>\n<p>Aside from the United States, Brazil was the only country in the world whose death toll had surpassed 100,000 deaths due to Covid-19 by August 2020. When the novel coronavirus hit Southern America by the end of February 2020, the Brazilian Federal Government\u2019s policies toward SARS-CoV-2 were and still are characterized by ignorance and inaction: <a href=\"https:\/\/www.medico.de\/in-der-isolation-17715\/\">President Jair Bolsonaro repeatedly called the virus a <em>\u201csmall flu\u201d<\/em> (<em>gripezinha<\/em>) and actively downplayed its deadly consequences when officially rejecting recommendations by the WHO.<\/a> So far, <a href=\"https:\/\/www.nytimes.com\/2020\/05\/15\/world\/americas\/brazil-health-minister-bolsonaro.html\">two Ministers of Health have abdicated and resigned<\/a> due to substantial disagreements with the President\u2019s position toward the coronavirus; after holding the position on an interim basis between May and September 2020, <a href=\"https:\/\/www.youtube.com\/watch?v=uZmiTKoCb6I\">a former Lieutenant General of the Brazilian Armed Forces is now head of the Ministry of Health<\/a>. Meanwhile, the Brazilian population is facing the dramatic consequences of a notoriously underfunded public healthcare system and severe cuts in social welfare spending. Though the recrent history in Brazil has continuously been characterized as a constant sequence of crisis formations (cf. Taddei 2020), such as <a href=\"https:\/\/www.nytimes.com\/2019\/03\/22\/world\/americas\/brazil-car-wash-corruption-temer.html\">an unprecedented corruption crisis<\/a>, <a href=\"https:\/\/culanth.org\/fieldsights\/series\/protesting-democracy-in-brazil\">a whole series of political upheavals and mass protests<\/a>, <a href=\"https:\/\/www.nytimes.com\/2020\/09\/04\/world\/americas\/brazil-wetlands-fires-pantanal.html\">the outcomes of numerous environmental crimes<\/a>, and <a href=\"https:\/\/apublica.org\/2019\/10\/were-witnessing-a-final-offensive-against-brazils-indigenous-people\/\">the threatening extinction of indigenous populations<\/a>, to name just a few, <a href=\"https:\/\/www.coronatimes.net\/bolsonaro-politics-death-covid-19-race-brazil\/\">the outbreak of SARS-CoV-2 has, nevertheless, significantly excerbated the socio-politically unbalanced conditions in the country<\/a>.<\/p>\n<figure><img loading=\"lazy\" decoding=\"async\" class=\"alignnone size-full wp-image-5505\" src=\"https:\/\/boasblogs.org\/wp-content\/uploads\/2020\/10\/Picture-2_Theresa-Mentrup.png\" alt=\"\" width=\"600\" height=\"337\" srcset=\"https:\/\/boasblogs.org\/wp-content\/uploads\/2020\/10\/Picture-2_Theresa-Mentrup.png 600w, https:\/\/boasblogs.org\/wp-content\/uploads\/2020\/10\/Picture-2_Theresa-Mentrup-550x310.png 550w\" sizes=\"auto, (max-width: 600px) 100vw, 600px\" \/><figcaption>\n<p style=\"font-size: 80%; line-height: 125%;\"><em>&#8222;Manifestantes desenham cruzes no ch\u00e3o da Pra\u00e7a da Liberdade, em Belo Horizonte, para homenagear as v\u00edtimas do crime de Brumadinho (MG), que completa um m\u00eas nesta segunda (25).\u201d [\u201cProtesters paint crosses on the floor of the Pra\u00e7a da Liberdade in Belo Horizonte to honor the crime victims of Brumadinho (Minas Ge-rais) about one month after the incident (25 Feburary 2019).\u201d] \u00a9 Danilo Chammas \/ Brasil de Fato \u2013 license: CC BY-NC-SA 2.0.<\/em><\/p>\n<\/figcaption><\/figure>\n<p>A new set of questions has emerged during my ongoing literature and media review about the coronavirus situation in <a href=\"https:\/\/www.theguardian.com\/global-development\/2020\/apr\/30\/this-moment-is-leaving-a-mark-on-me-framing-rio-under-%20covid-19-shadow-nicolo-lanfranchi\">Brazil<\/a> in general and, of course, in <a href=\"https:\/\/g1.globo.com\/mg\/minas-gerais\/noticia\/2020\/10\/03\/coronavirus-casos-confirmados-ultrapassam-305-mil-em-mg.ghtml\">Minas Gerais<\/a> and Brumadinho more specifically: What does it mean, for instance, for the citizens of Brumadinho, <a href=\"https:\/\/agenciasertao.com\/2019\/02\/04\/cemiterio-em-brumadinho\/\">who have only recently been confronted with their graveyard being suddenly incapacitated by the sheer number of dead bodies to bury<\/a>, to now face <a href=\"https:\/\/www.reuters.com\/article\/us-health-coronavirus-brazil-cemetery-idUSKBN21K3J3\">the severe outcomes of the coronavirus pandemic<\/a>? How do local political decision-makers cope with the dramatic consequences of the rapid proliferation of SARS-CoV-2 within Brazil\u2019s population, while another crisis, the collapse of the tailings dam, still demands acknowledgment and resolution? To what extent are previous experiences with crises relevant regarding public communication, the distribution of aid and assistance, and the organization of compensation and public support? How far, then, are these two, seemingly distinct crises, the Brumadinho dam disaster and the outbreak of the coronavirus in Minas Gerais, interrelated?<\/p>\n<p><strong>\u00a0<\/strong><\/p>\n<p><strong>A \u201ccorona turn\u201d<\/strong><\/p>\n<p>Several local community members in Brumadinho claimed that the <a href=\"https:\/\/www.brasildefato.com.br\/2020\/07\/15\/do-crime-ao-virus-incidencia-da-covid-19-em-brumadinho-e-o-dobro-de-belo-horizonte\">rising numbers of SARS-CoV-2 infections in the region are directly related to labor migration in the context of mining activities and the ongoing clean-up operations after the collapse of the dam<\/a>. Moreover, in August 2020, <a href=\"https:\/\/theintercept.com\/2020\/08\/17\/vale-brumadinho-protestos\/\">the mining company Vale tried to prevent members of the community from further protesting for compensation by filing a court case<\/a>. Even though the case was eventually dismissed, it, nevertheless, bears witness to the ongoing conflicting dynamics in Brumadinho in the face of the coronavirus: In the spring, the company abruptly reduced aid and compensation payments to the victims of the dam disaster by roughly 50%, a step that the company justified with internal difficulties in documentation. In addition, during the outbreak of the coronavirus, Vale also abandoned its service office in the city, thereby leaving claimants without access to direct contact with company operatives. As a result, citizens of Brumadinho organized a series of protests during which protestors, for instance, blocked the access road to the site of the clean-up operations in order to attract Vale\u2019s attention and publicly express their anger. <a href=\"https:\/\/www.em.com.br\/app\/noticia\/gerais\/2020\/08\/27\/interna_gerais,1179853\/bombeiros-retomam-hoje-buscas-pelos-11-desaparecidos-do-rompimento.shtml\">The rampage of SARS-CoV-2 had also halted the search for the last eleven missing bodies still covered by toxic mud for more than five months<\/a> \u2013 five additional months without peace of mind for their relatives. The question remains: to what extent do mourning restrictions and practices of social distancing issued in the course of the pandemic will deepen experiences of social trauma and\/or <a href=\"https:\/\/www.dw.com\/pt-br\/pandemia-leva-brasileiros-a-reinventar-o-luto-por-seus-mortos\/a-54452418\">transform social structures of grief and care<\/a>? Considering both the severity and sensitivity of topics such as death and loss in the face of the ongoing formation of crises, it is precisely the interrelatedness and the effects of these two, seemingly distinct crises in a Brazilian mining region which interests me.<\/p>\n<p><em>\u00a0<\/em><em>Written on 4 October 2020; revised on 8 October 2020<\/em><\/p>\n<p>&nbsp;<\/p>\n<p><a href=\"https:\/\/www.blogs.uni-mainz.de\/fb07-ifeas-eng\/theresa-mentrup-m-a\/)\"><strong>Theresa Mentrup<\/strong><\/a>\u00a0is a PhD candidate and a research assistant at the University of Mainz. She holds a BA and MA in social and cultural anthropology, Portuguese and German as a foreign language and an additional MA in Nonprofit Management and Governance from Heidelberg University. Her theoretical research interests include political and legal anthropology, humanitarianism\/care, human-environment relations, (post)colonialism, social movements, and organizational research; her primary research focus is Brazil. Email: tmentrup[at]uni-mainz.de<\/p>\n<hr \/>\n<p><strong>References<\/strong><\/p>\n<div style=\"text-indent: -2em; padding-left: 2em;\">\n<p>Samuels, Annemarie. 2019. After the Tsunami: Disaster Narratives and the Remaking of Everyday Life in Aceh. Honolulu: University of Hawai\u2019i Press.<\/p>\n<p>Taddei, Renzo. 2020. The field of Anthropology of Disasters in Brazil: Challenges and perspectives. In: Garc\u00eda-Acosta, Virginia (ed.). The Anthropology of Disasters in Latin America: State of the Art. London: Routledge, 45\u201362.<\/p>\n<\/div>\n<p>&nbsp;<\/p>\n","protected":false},"featured_media":0,"template":"","autor":[311],"class_list":["post-5873","fieldworkmeetscrisis","type-fieldworkmeetscrisis","status-publish","hentry","autor-theresa-mentrup"],"acf":[],"_links":{"self":[{"href":"https:\/\/boasblogs.org\/de\/wp-json\/wp\/v2\/fieldworkmeetscrisis\/5873","targetHints":{"allow":["GET"]}}],"collection":[{"href":"https:\/\/boasblogs.org\/de\/wp-json\/wp\/v2\/fieldworkmeetscrisis"}],"about":[{"href":"https:\/\/boasblogs.org\/de\/wp-json\/wp\/v2\/types\/fieldworkmeetscrisis"}],"wp:attachment":[{"href":"https:\/\/boasblogs.org\/de\/wp-json\/wp\/v2\/media?parent=5873"}],"wp:term":[{"taxonomy":"autor","embeddable":true,"href":"https:\/\/boasblogs.org\/de\/wp-json\/wp\/v2\/autor?post=5873"}],"curies":[{"name":"wp","href":"https:\/\/api.w.org\/{rel}","templated":true}]}}

<style>
	.dkpdf-download-icon { height: 1.5rem; }
</style>



	<div class="dkpdf-button-container" style=" text-align:right ">

		<a class="dkpdf-button" href="/de/wp-json/wp/v2/fieldworkmeetscrisis/5873?pdf=5873" target="_blank">
			<img src='/wp-content/themes/boasblogs/dkpdf/download_red.svg' class=dkpdf-download-icon'/>
		</a>
	
		<!-- <a class="dkpdf-button" href="/de/wp-json/wp/v2/fieldworkmeetscrisis/5873?pdf=5873" target="_blank"><span class="dkpdf-button-icon"><i class="fa fa-file-pdf-o"></i></span> Download PDF</a> &rarr; -->

	</div>

<p><strong>Trapped between multiple crises</strong></p>
<p style="text-align: right;">“The logic of ‘like it used to be’ and ‘already normal again’ indeed reveals<br />
how the post-disaster everyday is at once normal and never the same.”<br />
(Samuels 2019: 4)</p>
<p>Initially, my intended PhD project focused exclusively on the transfer and implementation of state care in the aftermath of the so-called “<a href="https://www.nytimes.com/2019/01/25/world/americas/brazil-dam-burst-brumadinho.html">Brumadinho dam disaster</a>:” On January 25, 2019, the tailings dam of an iron ore mine in the city of Brumadinho, located in the Brazilian State of Minas Gerais, collapsed, releasing tens of thousands of tons of toxic iron ore mud that killed 272 community members and led to an environmental, infrastructural, and humanitarian catastrophe. The collapse of the dam, which was owned by the Brazilian mining corporation Vale, came as a shock. The construction had been approved as safe by the Brazilian branch of the German company TÜV Süd only months ahead of the disaster in September 2018, however, <a href="https://www.theguardian.com/world/2019/feb/06/brazil-dam-collapse-workers-say-they-warned-owners">as was later revealed</a>, <a href="https://www.reuters.com/article/us-vale-dam-disaster-idUSKBN20F058">TÜV Süd’s engineers had deliberately ignored infrastructural instabilities</a>. My research project was driven initially by two interrelated questions: (1) What are the socio-political consequences of this ‘state of exception’ and (2) what were the structural principles guiding both the intervention of the various bureaucratic agencies involved and the coordination of national and international humanitarian disaster relief efforts? In fact, the international scope of the “Brumadinho dam disaster” is one of the most significant facets of this terrible event: Shortly after the extent of the destruction in Brumadinho had become clear, <a href="https://www.idf.il/en/minisites/humanitarian-missions/idf-aid-mission-to-brazil/">Brazilian rescue teams were assisted by specialists of the Israel Defense Forces dispatched to Brazil</a>. In addition, the event was not only covered by international media but has also directly influenced political and economic decision-making right on my doorstep in Germany: <a href="https://www.zeit.de/wirtschaft/2019-01/brasilien-dammbruch-mitarbeiter-tuev-sued-festnahme">Two employees of the TÜV Süd in Munich, for instance, were arrested on charges of corruption</a> regarding the deficient safety check of the collapsed dam in September 2018. Apart from this, the “Brumadinho dam disaster” functions as one of the prime political catalysts for the German “<a href="https://lieferkettengesetz.de/">Initiative Lieferkettengesetz</a>” arguing in favor of legislative change to ensure that German companies operating on inter- and multinational levels comply with international human rights standards throughout all phases of their supply chains.</p>
<figure><img loading="lazy" decoding="async" class="alignnone size-medium wp-image-5503" src="https://boasblogs.org/wp-content/uploads/2020/10/Picture-1_Theresa-Mentrup-TEASER-920x614.png" alt="" width="920" height="614" srcset="https://boasblogs.org/wp-content/uploads/2020/10/Picture-1_Theresa-Mentrup-TEASER-920x614.png 920w, https://boasblogs.org/wp-content/uploads/2020/10/Picture-1_Theresa-Mentrup-TEASER.png 1024w" sizes="auto, (max-width: 920px) 100vw, 920px" /><figcaption>
<p style="font-size: 80%; line-height: 125%;"><em>&#8222;Brumadinho, Minas Gerais” © Ibamagov / Creative Commons – license: CC BY-NC-SA 2.0.</em></p>
</figcaption></figure>
<p>As I was confronted with the severity of the SARS-CoV-2 outbreak in Brazil, however, I came to realize that my initial research project would be unfeasible: When would I be able to travel to Brumadinho? And what would be the ethical implications of conducting research about a disaster that had occurred right before another devastating incident, the coronavirus pandemic, hit society?</p>
<p>&nbsp;</p>
<p><a href="https://www.thelancet.com/journals/lancet/article/PIIS0140-6736(20)31095-3/fulltext"><strong>Another crisis, so what?</strong></a></p>
<p>Aside from the United States, Brazil was the only country in the world whose death toll had surpassed 100,000 deaths due to Covid-19 by August 2020. When the novel coronavirus hit Southern America by the end of February 2020, the Brazilian Federal Government’s policies toward SARS-CoV-2 were and still are characterized by ignorance and inaction: <a href="https://www.medico.de/in-der-isolation-17715/">President Jair Bolsonaro repeatedly called the virus a <em>“small flu”</em> (<em>gripezinha</em>) and actively downplayed its deadly consequences when officially rejecting recommendations by the WHO.</a> So far, <a href="https://www.nytimes.com/2020/05/15/world/americas/brazil-health-minister-bolsonaro.html">two Ministers of Health have abdicated and resigned</a> due to substantial disagreements with the President’s position toward the coronavirus; after holding the position on an interim basis between May and September 2020, <a href="https://www.youtube.com/watch?v=uZmiTKoCb6I">a former Lieutenant General of the Brazilian Armed Forces is now head of the Ministry of Health</a>. Meanwhile, the Brazilian population is facing the dramatic consequences of a notoriously underfunded public healthcare system and severe cuts in social welfare spending. Though the recrent history in Brazil has continuously been characterized as a constant sequence of crisis formations (cf. Taddei 2020), such as <a href="https://www.nytimes.com/2019/03/22/world/americas/brazil-car-wash-corruption-temer.html">an unprecedented corruption crisis</a>, <a href="https://culanth.org/fieldsights/series/protesting-democracy-in-brazil">a whole series of political upheavals and mass protests</a>, <a href="https://www.nytimes.com/2020/09/04/world/americas/brazil-wetlands-fires-pantanal.html">the outcomes of numerous environmental crimes</a>, and <a href="https://apublica.org/2019/10/were-witnessing-a-final-offensive-against-brazils-indigenous-people/">the threatening extinction of indigenous populations</a>, to name just a few, <a href="https://www.coronatimes.net/bolsonaro-politics-death-covid-19-race-brazil/">the outbreak of SARS-CoV-2 has, nevertheless, significantly excerbated the socio-politically unbalanced conditions in the country</a>.</p>
<figure><img loading="lazy" decoding="async" class="alignnone size-full wp-image-5505" src="https://boasblogs.org/wp-content/uploads/2020/10/Picture-2_Theresa-Mentrup.png" alt="" width="600" height="337" srcset="https://boasblogs.org/wp-content/uploads/2020/10/Picture-2_Theresa-Mentrup.png 600w, https://boasblogs.org/wp-content/uploads/2020/10/Picture-2_Theresa-Mentrup-550x310.png 550w" sizes="auto, (max-width: 600px) 100vw, 600px" /><figcaption>
<p style="font-size: 80%; line-height: 125%;"><em>&#8222;Manifestantes desenham cruzes no chão da Praça da Liberdade, em Belo Horizonte, para homenagear as vítimas do crime de Brumadinho (MG), que completa um mês nesta segunda (25).” [“Protesters paint crosses on the floor of the Praça da Liberdade in Belo Horizonte to honor the crime victims of Brumadinho (Minas Ge-rais) about one month after the incident (25 Feburary 2019).”] © Danilo Chammas / Brasil de Fato – license: CC BY-NC-SA 2.0.</em></p>
</figcaption></figure>
<p>A new set of questions has emerged during my ongoing literature and media review about the coronavirus situation in <a href="https://www.theguardian.com/global-development/2020/apr/30/this-moment-is-leaving-a-mark-on-me-framing-rio-under-%20covid-19-shadow-nicolo-lanfranchi">Brazil</a> in general and, of course, in <a href="https://g1.globo.com/mg/minas-gerais/noticia/2020/10/03/coronavirus-casos-confirmados-ultrapassam-305-mil-em-mg.ghtml">Minas Gerais</a> and Brumadinho more specifically: What does it mean, for instance, for the citizens of Brumadinho, <a href="https://agenciasertao.com/2019/02/04/cemiterio-em-brumadinho/">who have only recently been confronted with their graveyard being suddenly incapacitated by the sheer number of dead bodies to bury</a>, to now face <a href="https://www.reuters.com/article/us-health-coronavirus-brazil-cemetery-idUSKBN21K3J3">the severe outcomes of the coronavirus pandemic</a>? How do local political decision-makers cope with the dramatic consequences of the rapid proliferation of SARS-CoV-2 within Brazil’s population, while another crisis, the collapse of the tailings dam, still demands acknowledgment and resolution? To what extent are previous experiences with crises relevant regarding public communication, the distribution of aid and assistance, and the organization of compensation and public support? How far, then, are these two, seemingly distinct crises, the Brumadinho dam disaster and the outbreak of the coronavirus in Minas Gerais, interrelated?</p>
<p><strong> </strong></p>
<p><strong>A “corona turn”</strong></p>
<p>Several local community members in Brumadinho claimed that the <a href="https://www.brasildefato.com.br/2020/07/15/do-crime-ao-virus-incidencia-da-covid-19-em-brumadinho-e-o-dobro-de-belo-horizonte">rising numbers of SARS-CoV-2 infections in the region are directly related to labor migration in the context of mining activities and the ongoing clean-up operations after the collapse of the dam</a>. Moreover, in August 2020, <a href="https://theintercept.com/2020/08/17/vale-brumadinho-protestos/">the mining company Vale tried to prevent members of the community from further protesting for compensation by filing a court case</a>. Even though the case was eventually dismissed, it, nevertheless, bears witness to the ongoing conflicting dynamics in Brumadinho in the face of the coronavirus: In the spring, the company abruptly reduced aid and compensation payments to the victims of the dam disaster by roughly 50%, a step that the company justified with internal difficulties in documentation. In addition, during the outbreak of the coronavirus, Vale also abandoned its service office in the city, thereby leaving claimants without access to direct contact with company operatives. As a result, citizens of Brumadinho organized a series of protests during which protestors, for instance, blocked the access road to the site of the clean-up operations in order to attract Vale’s attention and publicly express their anger. <a href="https://www.em.com.br/app/noticia/gerais/2020/08/27/interna_gerais,1179853/bombeiros-retomam-hoje-buscas-pelos-11-desaparecidos-do-rompimento.shtml">The rampage of SARS-CoV-2 had also halted the search for the last eleven missing bodies still covered by toxic mud for more than five months</a> – five additional months without peace of mind for their relatives. The question remains: to what extent do mourning restrictions and practices of social distancing issued in the course of the pandemic will deepen experiences of social trauma and/or <a href="https://www.dw.com/pt-br/pandemia-leva-brasileiros-a-reinventar-o-luto-por-seus-mortos/a-54452418">transform social structures of grief and care</a>? Considering both the severity and sensitivity of topics such as death and loss in the face of the ongoing formation of crises, it is precisely the interrelatedness and the effects of these two, seemingly distinct crises in a Brazilian mining region which interests me.</p>
<p><em> </em><em>Written on 4 October 2020; revised on 8 October 2020</em></p>
<p>&nbsp;</p>
<p><a href="https://www.blogs.uni-mainz.de/fb07-ifeas-eng/theresa-mentrup-m-a/)"><strong>Theresa Mentrup</strong></a> is a PhD candidate and a research assistant at the University of Mainz. She holds a BA and MA in social and cultural anthropology, Portuguese and German as a foreign language and an additional MA in Nonprofit Management and Governance from Heidelberg University. Her theoretical research interests include political and legal anthropology, humanitarianism/care, human-environment relations, (post)colonialism, social movements, and organizational research; her primary research focus is Brazil. Email: tmentrup[at]uni-mainz.de</p>
<hr />
<p><strong>References</strong></p>
<div style="text-indent: -2em; padding-left: 2em;">
<p>Samuels, Annemarie. 2019. After the Tsunami: Disaster Narratives and the Remaking of Everyday Life in Aceh. Honolulu: University of Hawai’i Press.</p>
<p>Taddei, Renzo. 2020. The field of Anthropology of Disasters in Brazil: Challenges and perspectives. In: García-Acosta, Virginia (ed.). The Anthropology of Disasters in Latin America: State of the Art. London: Routledge, 45–62.</p>
</div>
<p>&nbsp;</p>
